
Is 319099 prime?
False
Is 4949683 a composite number?
False
Is 2797105 a prime number?
False
Is 9485641 prime?
False
Is 129329 a prime number?
False
Is 46644439 composite?
False
Is 779507 a composite number?
False
Is 2359963 a prime number?
True
Is 6065921 prime?
False
Is 238074077 a composite number?
True
Is 459047 composite?
False
Is 672109 a prime number?
False
Is 138002363 prime?
True
Is 1684063 composite?
False
Is 4168295 composite?
True
Is 780583 prime?
True
Is 186171023 composite?
False
Is 3593057 prime?
False
Is 60898349 prime?
True
Is 37924031 prime?
True
Is 70385605 a composite number?
True
Is 128640761 a prime number?
True
Is 402445003 a prime number?
True
Is 15565201 a composite number?
False
Is 90122429 composite?
False
Is 34947599 a composite number?
False
Is 724721 a prime number?
True
Is 6835883 prime?
True
Is 6498353 prime?
True
Is 9516709 composite?
False
Is 219979951 composite?
True
Is 20153633 composite?
True
Is 173853631 a prime number?
False
Is 488145559 a composite number?
True
Is 12648241 composite?
True
Is 5414999 prime?
True
Is 342287689 a prime number?
True
Is 4551601 a prime number?
True
Is 99669881 a composite number?
False
Is 50408591 prime?
True
Is 1216858471 prime?
True
Is 109667806 prime?
False
Is 27031253 a prime number?
False
Is 20638621 a composite number?
True
Is 79407991 a prime number?
False
Is 138406547 a composite number?
True
Is 73974793 a prime number?
False
Is 6537131 prime?
True
Is 11169253 a prime number?
True
Is 13099867 a prime number?
False
Is 22327199 prime?
True
Is 245483 prime?
False
Is 5329769 a prime number?
True
Is 114329437 a composite number?
True
Is 75030739 a composite number?
True
Is 2686763 prime?
False
Is 446201387 a prime number?
True
Is 154118621 a prime number?
False
Is 12106921 a prime number?
True
Is 835247 a composite number?
True
Is 163760645 a prime number?
False
Is 5454613 composite?
False
Is 246952157 composite?
False
Is 2155 a composite number?
True
Is 14721163 a prime number?
False
Is 986294453 a composite number?
True
Is 71151383 a composite number?
False
Is 8123447 composite?
False
Is 572153609 a prime number?
True
Is 228409631 composite?
False
Is 1936939 prime?
False
Is 17329003 a composite number?
False
Is 13404461 composite?
True
Is 2299501 composite?
True
Is 1603829 a composite number?
True
Is 87683627 a prime number?
True
Is 19802443 a composite number?
True
Is 259801 a composite number?
False
Is 45472943 a composite number?
True
Is 6464126 composite?
True
Is 313249 prime?
True
Is 981385 prime?
False
Is 398969 a prime number?
True
Is 23484257 a composite number?
False
Is 449743693 a composite number?
True
Is 109076071 a prime number?
False
Is 16577447 a prime number?
True
Is 82757251 a composite number?
False
Is 17763761 composite?
False
Is 75102641 composite?
False
Is 86590763 composite?
True
Is 8452105 prime?
False
Is 86101057 a prime number?
False
Is 524821 a composite number?
True
Is 45038017 a prime number?
True
Is 9365591 a composite number?
False
Is 36049483 a prime number?
False
Is 19987861 composite?
False
Is 304193 composite?
False
Is 214465019 a prime number?
False
Is 68170031 composite?
True
Is 12661589 a composite number?
False
Is 122562043 a prime number?
True
Is 5569939 a composite number?
False
Is 128077513 composite?
True
Is 413827 prime?
True
Is 764961553 prime?
True
Is 270001 composite?
False
Is 193630517 a composite number?
True
Is 2678897 composite?
True
Is 31831127 a composite number?
False
Is 487873 prime?
True
Is 267967 composite?
True
Is 1314659 a prime number?
True
Is 17128933 prime?
False
Is 15119353 prime?
False
Is 301979 prime?
True
Is 22711207 a prime number?
False
Is 81956621 a composite number?
False
Is 38356223 a composite number?
True
Is 67836107 prime?
True
Is 5543311 a composite number?
True
Is 2816399 composite?
False
Is 175849031 a composite number?
True
Is 14221913 a composite number?
True
Is 3065759 a prime number?
False
Is 65782454 a prime number?
False
Is 4048853 composite?
False
Is 24748231 a prime number?
False
Is 4942799 prime?
True
Is 190682131 prime?
True
Is 1712707 prime?
True
Is 1539449 a prime number?
True
Is 81467267 prime?
False
Is 31027471 prime?
True
Is 13772485 a composite number?
True
Is 1753643 a composite number?
True
Is 6662713 composite?
True
Is 4216801 prime?
True
Is 9559783 composite?
False
Is 2616533 a composite number?
False
Is 88369363 composite?
False
Is 327917 composite?
False
Is 1819903 prime?
False
Is 73376579 composite?
False
Is 25067837 a composite number?
True
Is 892334185 a prime number?
False
Is 88792081 composite?
True
Is 9228959 composite?
False
Is 111541357 a composite number?
True
Is 41655257 a composite number?
True
Is 14118701 a prime number?
True
Is 1781473 composite?
True
Is 12067453 a composite number?
True
Is 11391953 prime?
True
Is 9771299 a composite number?
False
Is 78556151 a prime number?
True
Is 19307 composite?
True
Is 35635153 a prime number?
True
Is 6433849 composite?
True
Is 13461859 a prime number?
False
Is 1342361 a composite number?
False
Is 21603229 a composite number?
False
Is 430159843 a prime number?
True
Is 129328511 prime?
False
Is 4893563 prime?
True
Is 3091097 prime?
False
Is 1259959 a prime number?
False
Is 20858743 a prime number?
False
Is 4086217 a prime number?
True
Is 85134031 a composite number?
False
Is 5589623 a prime number?
False
Is 2373869 composite?
False
Is 274393663 a prime number?
True
Is 82323209 a prime number?
True
Is 906701963 a composite number?
False
Is 50386394 composite?
True
Is 3172321 a composite number?
True
Is 793442051 prime?
True
Is 44917523 composite?
True
Is 44685337 a composite number?
False
Is 68584771 a composite number?
False
Is 29856867 composite?
True
Is 3992657 composite?
True
Is 3411103 composite?
True
Is 8981879 a prime number?
True
Is 46497235 a prime number?
False
Is 2942083 a composite number?
True
Is 1004873 composite?
False
Is 7835867 a composite number?
True
Is 120940507 prime?
True
Is 19055471 a composite number?
False
Is 29602379 prime?
False
Is 5180621 composite?
False
Is 4370737 a prime number?
False
Is 4304761 a prime number?
True
Is 116726681 prime?
True
Is 5627137 composite?
True
Is 11137495 a composite number?
True
Is 569145947 a composite number?
True
Is 1334162971 a composite number?
False
Is 64945247 a composite number?
False
Is 1011191 composite?
False
Is 23124413 composite?
True
Is 12733619 composite?
False
Is 6449 a prime number?
True
Is 26307469 a prime number?
False
Is 4446037 a prime number?
True
Is 652285 a composite number?
True
Is 45122947 a prime number?
False
Is 130159127 a composite number?
True
Is 290509 a prime number?
True
Is 69177139 a composite number?
False
Is 786767 composite?
True
Is 15439637 a prime number?
True
Is 2055367 composite?
False
Is 44882627 a composite number?
True
Is 2379317 composite?
False
Is 10453783 a composite number?
True
Is 2009107 a composite number?
False
Is 6988129 prime?
False
Is 64923847 composite?
False
Is 94921471 a composite number?
False
Is 412564373 a prime number?
False
Is 54277607 composite?
False
Is 13397957 composite?
False
Is 5997083 prime?
True
Is 664939 a composite number?
True
Is 70853969 a prime number?
True
Is 4198979 prime?
False
Is 3623977 composite?
True
Is 19315157 composite?
False
Is 572317 prime?
False
Is 2291713 prime?
False
Is 135275941 a prime number?
False
Is 4202413 a composite number?
False
Is 11356105 prime?
False
Is 27356165 a composite number?
True
Is 31869857 a composite number?
False
Is 11551577 a prime number?
False
Is 56737267 a prime number?
False
Is 180961337 composite?
True
Is 792817719 prime?
False
Is 173925561 a prime number?
False
Is 18697139 prime?
True
Is 39944929 composite?
True
Is 78997237 a composite number?
True
Is 2450743 prime?
False
Is 6262643 prime?
True
Is 239914799 prime?
True
Is 3791 composite?
True
Is 62988017 a prime number?
False
Is 15409031 a prime number?
False
Is 521438341 a prime number?
False
Is 142788067 a composite number?
False
Is 591316631 prime?
True
Is 461618853 a prime number?
False
Is 719533 prime?
True
Is 2588459 a composite number?
True
Is 814563047 a prime number?
True
Is 292544113 composite?
False
Is 174825619 a composite number?
False
Is 17116427 composite?
False
Is 22633519 a prime